348?
8
What is the thousands digit of 4605?
4
What is the tens digit of 704?
0
What is the hundreds digit of 13657?
6
What is the thousands digit of 1157?
1
What is the thousands digit of 1481?
1
What is the tens digit of 80078?
7
What is the ten thousands digit of 41120?
4
What is the thousands digit of 1713?
1
What is the ten thousands digit of 193282?
9
What is the units digit of 4?
4
What is the thousands digit of 11653?
1
What is the units digit of 4844?
4
What is the ten thousands digit of 126567?
2
What is the ten thousands digit of 11218?
1
What is the hundreds digit of 828?
8
What is the hundreds digit of 600?
6
What is the tens digit of 6540?
4
What is the hundreds digit of 10752?
7
What is the units digit of 742?
2
What is the ten thousands digit of 21543?
2
What is the hundreds digit of 1219?
2
What is the thousands digit of 27265?
7
What is the thousands digit of 10429?
0
What is the units digit of 1710?
0
What is the units digit of 2329?
9
What is the tens digit of 134?
3
What is the units digit of 3601?
1
What is the ten thousands digit of 62336?
6
What is the tens digit of 794?
9
What is the hundreds digit of 753?
7
What is the units digit of 7839?
9
What is the hundreds digit of 3272?
2
What is the units digit of 93162?
2
What is the thousands digit of 61214?
1
What is the tens digit of 342?
4
What is the ten thousands digit of 52297?
5
What is the thousands digit of 114238?
4
What is the thousands digit of 1650?
1
What is the units digit of 845?
5
What is the units digit of 74521?
1
What is the tens digit of 950?
5
What is the units digit of 389?
9
What is the units digit of 43441?
1
What is the tens digit of 890?
9
What is the thousands digit of 5882?
5
What is the units digit of 1064?
4
What is the thousands digit of 3187?
3
What is the thousands digit of 3879?
3
What is the thousands digit of 64509?
4
What is the tens digit of 40613?
1
What is the hundreds digit of 33077?
0
What is the tens digit of 1383?
8
What is the thousands digit of 1082?
1
What is the units digit of 12481?
1
What is the tens digit of 509?
0
What is the units digit of 52388?
8
What is the thousands digit of 8315?
8
What is the units digit of 30789?
9
What is the units digit of 2458?
8
What is the tens digit of 480?
8
What is the hundreds digit of 19275?
2
What is the units digit of 65860?
0
What is the units digit of 298?
8
What is the tens digit of 16890?
9
What is the hundreds digit of 67655?
6
What is the tens digit of 1134?
3
What is the units digit of 63661?
1
What is the tens digit of 874?
7
What is the thousands digit of 2737?
2
What is the units digit of 168?
8
What is the tens digit of 13681?
8
What is the tens digit of 17770?
7
What is the tens digit of 5760?
6
What is the units digit of 22221?
1
What is the hundreds digit of 47020?
0
What is the tens digit of 2172?
7
What is the tens digit of 839?
3
What is the units digit of 287?
7
What is the units digit of 8335?
5
What is the units digit of 19967?
7
What is the tens digit of 9695?
9
What is the tens digit of 11455?
5
What is the tens digit of 2379?
7
What is the tens digit of 70200?
0
What is the tens digit of 646?
4
What is the tens digit of 175?
7
What is the units digit of 1017?
7
What is the hundreds digit of 309?
3
What is the hundreds digit of 57798?
7
What is the hundreds digit of 360?
3
What is the hundreds digit of 679?
6
What is the hundreds digit of 27344?
3
What is the tens digit of 53202?
0
What is the tens digit of 955?
5
What is the units digit of 587?
7
What is the tens digit of 1500?
0
What is the thousands digit of 157832?
7
What is the ten thousands digit of 11833?
1
What is the thousands digit of 6525?
6
What is the tens digit of 4342?
4
What is the thousands digit of 1700?
1
What is the units digit of 13808?
8
What is the units digit of 11653?
3
What is the tens digit of 15?
1
What is the hundreds digit of 3884?
8
What is the hundreds digit of 830?
8
What is the thousands digit of 2535?
2
What is the units digit of 869?
9
What is the thousands digit of 20801?
0
What is the thousands digit of 41406?
1
What is the thousands digit of 177709?
7
What is the hundreds digit of 2869?
8
What is the hundreds digit of 5904?
9
What is the tens digit of 690?
9
What is the units digit of 27445?
5
What is the tens digit of 3016?
1
What is the ten thousands digit of 15724?
1
What is the hundreds digit of 13884?
8
What is the tens digit of 357?
5
What is the tens digit of 14731?
3
What is the ten thousands digit of 63918?
6
What is the hundreds digit of 182?
1
What is the hundreds digit of 3241?
2
What is the units digit of 20?
0
What is the hundreds digit of 9776?
7
What is the thousands digit of 19828?
9
What is the thousands digit of 3400?
3
What is the ten thousands digit of 48830?
4
What is the thousands digit of 2771?
2
What is the tens digit of 52468?
6
What is the thousands digit of 1304?
1
What is the thousands digit of 32858?
2
What is the thousands digit of 39526?
9
What is the tens digit of 858?
5
What is the units digit of 67606?
6
What is the hundreds digit of 5887?
8
What is the thousands digit of 1497?
1
What is the units digit of 5932?
2
What is the units digit of 1627?
7
What is the hundreds digit of 1524?
5
What is the tens digit of 2424?
2
What is the thousands digit of 4656?
4
What is the ten thousands digit of 41468?
4
What is the tens digit of 130701?
0
What is the tens digit of 3253?
5
What is the hundreds digit of 6320?
3
What is the units digit of 196?
6
What is the hundreds digit of 755?
7
What is the hundreds digit of 832?
8
What is the thousands digit of 4795?
4
What is the hundreds digit of 72877?
8
What is the units digit of 5160?
0
What is the tens digit of 3011?
1
What is the units digit of 20192?
2
What is the hundreds digit of 864?
8
What is the units digit of 4938?
8
What is the tens digit of 2020?
2
What is the tens digit of 4423?
2
What is the thousands digit of 5896?
5
What is the thousands digit of 2752?
2
What is the ten thousands digit of 12839?
1
What is the units digit of 46252?
2
What is the units digit of 1184?
4
What is the ten thousands digit of 26950?
2
What is the thousands digit of 8617?
8
What is the units digit of 2392?
2
What is the ten thousands digit of 64250?
6
What is the thousands digit of 12308?
2
What is the hundreds digit of 690?
6
What is the tens digit of 1639?
3
What is the units digit of 1354?
4
What is the units digit of 2388?
8
What is the tens digit of 396?
9
What is the thousands digit of 24558?
4
What is the ten thousands digit of 18269?
1
What is the hundreds digit of 4651?
6
What is the thousands digit of 20234?
0
What is the hundreds digit of 1740?
7
What is the units digit of 20120?
0
What is the units digit of 1869?
9
What is the ten thousands digit of 39022?
3
What is the hundreds digit of 495?
4
What is the units digit of 1767?
7
What is the hundreds digit of 3258?
2
What is the tens digit of 8853?
5
What is the tens digit of 9385?
8
What is the tens digit of 23108?
0
What is the units digit of 1412?
2
What is the units digit of 632?
2
What is the thousands digit of 5194?
5
What is the units digit of 4272?
2
What is the thousands digit of 29471?
9
What is the thousands digit of 2579?
2
What is the units digit of 388?
8
What is the tens digit of 7404?
0
What is the units digit of 1050?
0
What is the thousands digit of 6601?
6
What is the units digit of 24378?
8
What is the hundreds digit of 1062?
0
What is the ten thousands digit of 49223?
4
What is the hundreds digit of 3335?
3
What is the thousands digit of 30544?
0
What is the thousands digit of 20514?
0
What is the units digit of 2798?
8
What is the hundreds digit of 9010?
0
What is the hundreds digit of 1085?
0
What is the tens digit of 243?
4
What is the thousands digit of 73672?
3
What is the units digit of 1487?
7
What is the hundreds digit of 597?
5
What is the thousands digit of 1885?
1
What is the thousands digit of 31667?
1
What is the tens digit of 2806?
0
What is the thousands digit of 9266?
9
What is the hundreds digit of 5292?
2
What is the units digit of 5349?
9
What is the thousands digit of 2009?
2
What is the tens digit of 1904?
0
What is the hundreds digit of 481?
4
What is the units digit of 6354?
4
What is the tens digit of 2630?
